t the prime factors of 562669476.
2, 3, 46889123
List the prime factors of 250107332.
2, 17, 1621, 2269
What are the prime factors of 8509985?
5, 11, 154727
What are the prime factors of 105366427?
23, 31, 147779
What are the prime factors of 29792928?
2, 3, 11, 89, 317
List the prime factors of 202992773.
97, 151, 13859
What are the prime factors of 466975472?
2, 29185967
What are the prime factors of 4318192139?
43, 389, 258157
What are the prime factors of 5415601385?
5, 37, 29273521
What are the prime factors of 252384382?
2, 23, 5486617
List the prime factors of 198330661.
198330661
List the prime factors of 555746542.
2, 13, 19, 1124993
What are the prime factors of 1580783962?
2, 199, 227, 17497
What are the prime factors of 236225894?
2, 211, 559777
What are the prime factors of 118219016?
2, 859, 17203
List the prime factors of 202747558.
2, 13, 7797983
List the prime factors of 1246184731.
11, 241, 470081
List the prime factors of 3385896699.
3, 1433, 787601
What are the prime factors of 428828938?
2, 43, 4986383
List the prime factors of 68389352.
2, 79, 108211
List the prime factors of 197666752.
2, 17, 10687
List the prime factors of 47615504.
2, 17, 31, 5647
List the prime factors of 9768768.
2, 3, 83, 613
What are the prime factors of 609021859?
409, 1489051
What are the prime factors of 2102652811?
7, 113, 2658221
List the prime factors of 57127284.
2, 3, 1586869
List the prime factors of 891985519.
97, 9195727
What are the prime factors of 172367434?
2, 1109, 77713
List the prime factors of 2771706603.
3, 53, 17432117
List the prime factors of 102422608.
2, 6401413
What are the prime factors of 349891671?
3, 17, 227, 30223
List the prime factors of 1022606986.
2, 5021, 101833
What are the prime factors of 1986532570?
2, 5, 11, 18059387
What are the prime factors of 544550723?
1787, 304729
What are the prime factors of 4488465199?
2081, 2156879
List the prime factors of 3621776319.
3, 7, 199, 307, 941
List the prime factors of 5391048.
2, 3, 13, 37, 467
List the prime factors of 81137216.
2, 43, 29483
List the prime factors of 978125374.
2, 489062687
List the prime factors of 888482756.
2, 7, 3691, 8597
What are the prime factors of 461039305?
5, 92207861
What are the prime factors of 280612020?
2, 3, 5, 13, 229, 1571
List the prime factors of 1213007282.
2, 467, 1298723
List the prime factors of 4073813366.
2, 7, 2657, 109517
What are the prime factors of 208494751?
1321, 157831
List the prime factors of 65966647.
17, 1109, 3499
List the prime factors of 165136605.
3, 5, 53, 207719
What are the prime factors of 440071191?
3, 7, 479, 4861
What are the prime factors of 52563840?
2, 3, 5, 7, 3911
List the prime factors of 129094875.
3, 5, 7, 13, 97
What are the prime factors of 42887373?
3, 14295791
List the prime factors of 4535360.
2, 5, 14173
What are the prime factors of 234246371?
37, 101, 62683
What are the prime factors of 524186780?
2, 5, 13, 563, 3581
What are the prime factors of 84637486?
2, 29, 199, 7333
List the prime factors of 1191183290.
2, 5, 11, 953, 1033
List the prime factors of 427778154.
2, 3, 23765453
What are the prime factors of 6314404?
2, 179, 8819
List the prime factors of 71451671.
1063, 67217
List the prime factors of 1419861976.
2, 13, 37, 71, 5197
What are the prime factors of 1416356153?
53, 26723701
What are the prime factors of 468686180?
2, 5, 23, 61, 16703
List the prime factors of 3055903716.
2, 3, 47, 211, 25679
List the prime factors of 75200126.
2, 479, 78497
What are the prime factors of 33314980?
2, 5, 19, 87671
What are the prime factors of 595039115?
5, 11, 317, 34129
List the prime factors of 267032663.
37, 83, 89, 977
What are the prime factors of 239423598?
2, 3, 19, 179, 3911
List the prime factors of 2222348463.
3, 509, 485123
What are the prime factors of 369321738?
2, 3, 61553623
What are the prime factors of 800997542?
2, 400498771
What are the prime factors of 282922279?
17, 2239, 7433
List the prime factors of 210596490.
2, 3, 5, 13, 59999
List the prime factors of 2677723021.
2677723021
What are the prime factors of 757635227?
757635227
What are the prime factors of 32611376?
2, 7, 291173
What are the prime factors of 91432725?
3, 5, 439, 2777
What are the prime factors of 822994291?
7, 19, 571, 10837
What are the prime factors of 336174806?
2, 11, 1609, 9497
List the prime factors of 174981889.
97, 251, 7187
List the prime factors of 12509506.
2, 1871, 3343
List the prime factors of 136196970.
2, 3, 5, 7, 13, 7127
What are the prime factors of 2372233989?
3, 790744663
List the prime factors of 5019792031.
22613, 221987
List the prime factors of 42267317.
1109, 38113
What are the prime factors of 544490020?
2, 5, 751, 36251
What are the prime factors of 17371830?
2, 3, 5, 7, 82723
What are the prime factors of 159922021?
7, 22846003
List the prime factors of 105103536.
2, 3, 739, 2963
What are the prime factors of 117148055?
5, 23429611
What are the prime factors of 759603541?
563, 1349207
List the prime factors of 12982251.
3, 337, 12841
What are the prime factors of 1606341034?
2, 887, 905491
List the prime factors of 94110815.
5, 18822163
What are the prime factors of 38941232?
2, 11, 97, 2281
List the prime factors of 2102427585.
3, 5, 23, 53, 38327
List the prime factors of 895408037.
17, 173, 304457
What are the prime factors of 2467640?
2, 5, 7, 1259
List the prime factors of 671167628.
2, 19, 61, 144773
List the prime factors of 106396530.
2, 3, 5, 3546551
What are the prime factors of 513927?
3, 17, 3359
List the prime factors of 2087089296.
2, 3, 5689, 7643
What are the prime factors of 390227041?
47, 8302703
List the prime factors of 915573154.
2, 73, 6271049
List the prime factors of 690943348.
2, 839, 205883
List the prime factors of 794284136.
2, 4481, 22157
What are the prime factors of 83916959?
7, 71, 24121
What are the prime factors of 12496254?
2, 3, 2082709
List the prime factors of 15239086.
2, 7619543
What are the prime factors of 1883309882?
2, 347, 2713703
What are the prime factors of 49331472?
2, 3, 1027739
List the prime factors of 144074043.
3, 2909, 5503
List the prime factors of 1167411804.
2, 3, 13, 151, 49559
What are the prime factors of 1858797272?
2, 17, 13667627
What are the prime factors of 166385016?
2, 3, 7, 12227
What are the prime factors of 35363549?
13, 2720273
List the prime factors of 127917382.
2, 281, 227611
List the prime factors of 282074542.
2, 47, 601, 4993
What are the prime factors of 103428943?
103428943
List the prime factors of 316398779.
316398779
What are the prime factors of 1275283634?
2, 953, 669089
List the prime factors of 1686309954.
2, 3, 7, 179, 224303
List the prime factors of 81645237.
3, 17, 29, 18401
What are the prime factors of 54731629?
54731629
What are the prime factors of 1283437862?
2, 7, 29, 293, 10789
What are the prime factors of 18823898?
2, 37, 254377
What are the prime factors of 959242787?
47, 434243
List the prime factors of 465689725.
5, 97, 192037
List the prime factors of 24271202.
2, 29, 31, 13499
What are the prime factors of 51701801?
51701801
What are the prime factors of 5578731531?
3, 19, 563, 57947
What are the prime factors of 1376707051?
127, 10840213
List the prime factors of 32800886.
2, 383, 42821
List the prime factors of 1664234383.
7, 157, 227, 953
What are the prime factors of 177898509?
3, 61, 251, 1291
List the prime factors of 3413867.
23, 148429
What are the prime factors of 2121987163?
79, 2309, 11633
List the prime factors of 87811364.
2, 21952841
List the prime factors of 2660721296.
2, 166295081
List the prime factors of 4852406411.
29, 10739, 15581
What are the prime factors of 7235987208?
2, 3, 19, 883, 17971
What are the prime factors of 53033376?
2, 3, 11, 50221
What are the prime factors of 1747198353?
3, 582399451
What are the prime factors of 103248047?
7, 2107103
List the prime factors of 4074621627.
3, 71, 19129679
What are the prime factors of 20068645?
5, 4013729
List the prime factors of 2578165594.
2, 19, 199, 340937
List the prime factors of 348855721.
37, 2179, 4327
List the prime factors of 3217602771.
3, 79, 502829
List the prime factors of 520857953.
7, 11, 197, 34337
List the prime factors of 1868744806.
2, 2503, 373301
What are the prime fa